{"id":342,"date":"2019-03-21T13:32:59","date_gmt":"2019-03-21T13:32:59","guid":{"rendered":"http:\/\/harshad.sharkz.in\/?page_id=7"},"modified":"2023-03-13T12:38:14","modified_gmt":"2023-03-13T12:38:14","slug":"wissensgebiete","status":"publish","type":"page","link":"https:\/\/sp-lebenswert.com\/?page_id=342","title":{"rendered":"Wissensgebiete"},"content":{"rendered":"\t\t<div data-elementor-type=\"wp-post\" data-elementor-id=\"342\" class=\"elementor elementor-342\">\n\t\t\t\t\t\t<section class=\"elementor-section elementor-top-section elementor-element elementor-element-bb2fba5 elementor-section-boxed elementor-section-height-default elementor-section-height-default\" data-id=\"bb2fba5\" data-element_type=\"section\">\n\t\t\t\t\t\t<div class=\"elementor-container elementor-column-gap-default\">\n\t\t\t\t\t<div class=\"elementor-column elementor-col-100 elementor-top-column elementor-element elementor-element-2c1b154\" data-id=\"2c1b154\" data-element_type=\"column\">\n\t\t\t<div class=\"elementor-widget-wrap elementor-element-populated\">\n\t\t\t\t\t\t<div class=\"elementor-element elementor-element-3a62516 elementor-widget elementor-widget-text-editor\" data-id=\"3a62516\" data-element_type=\"widget\" data-widget_type=\"text-editor.default\">\n\t\t\t\t<div class=\"elementor-widget-container\">\n\t\t\t\t\t\t\t\t\t<h2><strong>Wissensgebiete<\/strong><\/h2>\t\t\t\t\t\t\t\t<\/div>\n\t\t\t\t<\/div>\n\t\t\t\t\t<\/div>\n\t\t<\/div>\n\t\t\t\t\t<\/div>\n\t\t<\/section>\n\t\t\t\t<section class=\"elementor-section elementor-top-section elementor-element elementor-element-0a6ddbf elementor-section-boxed elementor-section-height-default elementor-section-height-default\" data-id=\"0a6ddbf\" data-element_type=\"section\">\n\t\t\t\t\t\t<div class=\"elementor-container elementor-column-gap-default\">\n\t\t\t\t\t<div class=\"elementor-column elementor-col-100 elementor-top-column elementor-element elementor-element-147a788\" data-id=\"147a788\" data-element_type=\"column\">\n\t\t\t<div class=\"elementor-widget-wrap elementor-element-populated\">\n\t\t\t\t\t\t<div class=\"elementor-element elementor-element-f5de41d elementor-widget elementor-widget-text-editor\" data-id=\"f5de41d\" data-element_type=\"widget\" data-widget_type=\"text-editor.default\">\n\t\t\t\t<div class=\"elementor-widget-container\">\n\t\t\t\t\t\t\t\t\t<p>Der Mensch besteht in seiner Ganzheit aus K\u00f6rper, Seele und Geist.<\/p><p>Unsere K\u00f6rperbildung erfolgt in \u00dcbereinstimmung mit unserer Seele und unserem Geist.<\/p><p>Deshalb k\u00f6nnen vom K\u00f6rper R\u00fcckschl\u00fcsse auf den psychischen Zustand gezogen werden.<\/p><p>\u00a0<\/p>\t\t\t\t\t\t\t\t<\/div>\n\t\t\t\t<\/div>\n\t\t\t\t\t<\/div>\n\t\t<\/div>\n\t\t\t\t\t<\/div>\n\t\t<\/section>\n\t\t\t\t<section class=\"elementor-section elementor-top-section elementor-element elementor-element-8e7f360 elementor-section-boxed elementor-section-height-default elementor-section-height-default\" data-id=\"8e7f360\" data-element_type=\"section\">\n\t\t\t\t\t\t<div class=\"elementor-container elementor-column-gap-default\">\n\t\t\t\t\t<div class=\"elementor-column elementor-col-33 elementor-top-column elementor-element elementor-element-83e080c\" data-id=\"83e080c\" data-element_type=\"column\">\n\t\t\t<div class=\"elementor-widget-wrap elementor-element-populated\">\n\t\t\t\t\t\t<div class=\"elementor-element elementor-element-4c68571 elementor-widget elementor-widget-heading\" data-id=\"4c68571\" data-element_type=\"widget\" data-widget_type=\"heading.default\">\n\t\t\t\t<div class=\"elementor-widget-container\">\n\t\t\t\t\t<h2 class=\"elementor-heading-title elementor-size-large\"><a href=\"https:\/\/sp-lebenswert.com\/?page_id=1476\">Psycho-Physiognomik<\/a><\/h2>\t\t\t\t<\/div>\n\t\t\t\t<\/div>\n\t\t\t\t<div class=\"elementor-element elementor-element-003b2f7 elementor-widget elementor-widget-spacer\" data-id=\"003b2f7\" data-element_type=\"widget\" data-widget_type=\"spacer.default\">\n\t\t\t\t<div class=\"elementor-widget-container\">\n\t\t\t\t\t\t\t<div class=\"elementor-spacer\">\n\t\t\t<div class=\"elementor-spacer-inner\"><\/div>\n\t\t<\/div>\n\t\t\t\t\t\t<\/div>\n\t\t\t\t<\/div>\n\t\t\t\t<div class=\"elementor-element elementor-element-08fa4c5 elementor-widget elementor-widget-image\" data-id=\"08fa4c5\" data-element_type=\"widget\" data-widget_type=\"image.default\">\n\t\t\t\t<div class=\"elementor-widget-container\">\n\t\t\t\t\t\t\t\t\t\t\t\t\t\t\t\t<a href=\"https:\/\/sp-lebenswert.com\/?page_id=1476\">\n\t\t\t\t\t\t\t<img fetchpriority=\"high\" decoding=\"async\" width=\"300\" height=\"169\" src=\"https:\/\/sp-lebenswert.com\/wp-content\/uploads\/2020\/12\/Gesicht-Hedder-Veranstaltungen-300x169.jpg\" class=\"attachment-medium size-medium wp-image-1570\" alt=\"\" srcset=\"https:\/\/sp-lebenswert.com\/wp-content\/uploads\/2020\/12\/Gesicht-Hedder-Veranstaltungen-300x169.jpg 300w, https:\/\/sp-lebenswert.com\/wp-content\/uploads\/2020\/12\/Gesicht-Hedder-Veranstaltungen-1024x576.jpg 1024w, https:\/\/sp-lebenswert.com\/wp-content\/uploads\/2020\/12\/Gesicht-Hedder-Veranstaltungen-768x432.jpg 768w, https:\/\/sp-lebenswert.com\/wp-content\/uploads\/2020\/12\/Gesicht-Hedder-Veranstaltungen-600x338.jpg 600w, https:\/\/sp-lebenswert.com\/wp-content\/uploads\/2020\/12\/Gesicht-Hedder-Veranstaltungen.jpg 1280w\" sizes=\"(max-width: 300px) 100vw, 300px\" \/>\t\t\t\t\t\t\t\t<\/a>\n\t\t\t\t\t\t\t\t\t\t\t\t\t\t\t<\/div>\n\t\t\t\t<\/div>\n\t\t\t\t\t<\/div>\n\t\t<\/div>\n\t\t\t\t<div class=\"elementor-column elementor-col-33 elementor-top-column elementor-element elementor-element-854c691\" data-id=\"854c691\" data-element_type=\"column\">\n\t\t\t<div class=\"elementor-widget-wrap\">\n\t\t\t\t\t\t\t<\/div>\n\t\t<\/div>\n\t\t\t\t<div class=\"elementor-column elementor-col-33 elementor-top-column elementor-element elementor-element-a6a3274\" data-id=\"a6a3274\" data-element_type=\"column\">\n\t\t\t<div class=\"elementor-widget-wrap elementor-element-populated\">\n\t\t\t\t\t\t<div class=\"elementor-element elementor-element-7099e13 elementor-widget elementor-widget-heading\" data-id=\"7099e13\" data-element_type=\"widget\" data-widget_type=\"heading.default\">\n\t\t\t\t<div class=\"elementor-widget-container\">\n\t\t\t\t\t<h2 class=\"elementor-heading-title elementor-size-default\"><a href=\"https:\/\/sp-lebenswert.com\/?page_id=1480\">Handdeutung (Chirologie)<p><\/p>\n\n<\/a><\/h2>\t\t\t\t<\/div>\n\t\t\t\t<\/div>\n\t\t\t\t<div class=\"elementor-element elementor-element-4604557 elementor-widget elementor-widget-image\" data-id=\"4604557\" data-element_type=\"widget\" data-widget_type=\"image.default\">\n\t\t\t\t<div class=\"elementor-widget-container\">\n\t\t\t\t\t\t\t\t\t\t\t\t\t\t\t\t<a href=\"https:\/\/sp-lebenswert.com\/?page_id=1480\">\n\t\t\t\t\t\t\t<img decoding=\"async\" width=\"300\" height=\"169\" src=\"https:\/\/sp-lebenswert.com\/wp-content\/uploads\/2020\/12\/H\u00e4nde-Headder-Fragen-Bausteine-300x169.jpg\" class=\"attachment-medium size-medium wp-image-1584\" alt=\"\" srcset=\"https:\/\/sp-lebenswert.com\/wp-content\/uploads\/2020\/12\/H\u00e4nde-Headder-Fragen-Bausteine-300x169.jpg 300w, https:\/\/sp-lebenswert.com\/wp-content\/uploads\/2020\/12\/H\u00e4nde-Headder-Fragen-Bausteine-1024x576.jpg 1024w, https:\/\/sp-lebenswert.com\/wp-content\/uploads\/2020\/12\/H\u00e4nde-Headder-Fragen-Bausteine-768x432.jpg 768w, https:\/\/sp-lebenswert.com\/wp-content\/uploads\/2020\/12\/H\u00e4nde-Headder-Fragen-Bausteine-600x338.jpg 600w, https:\/\/sp-lebenswert.com\/wp-content\/uploads\/2020\/12\/H\u00e4nde-Headder-Fragen-Bausteine.jpg 1280w\" sizes=\"(max-width: 300px) 100vw, 300px\" \/>\t\t\t\t\t\t\t\t<\/a>\n\t\t\t\t\t\t\t\t\t\t\t\t\t\t\t<\/div>\n\t\t\t\t<\/div>\n\t\t\t\t\t<\/div>\n\t\t<\/div>\n\t\t\t\t\t<\/div>\n\t\t<\/section>\n\t\t\t\t<section class=\"elementor-section elementor-top-section elementor-element elementor-element-c50b146 elementor-section-boxed elementor-section-height-default elementor-section-height-default\" data-id=\"c50b146\" data-element_type=\"section\">\n\t\t\t\t\t\t<div class=\"elementor-container elementor-column-gap-default\">\n\t\t\t\t\t<div class=\"elementor-column elementor-col-100 elementor-top-column elementor-element elementor-element-9232a44\" data-id=\"9232a44\" data-element_type=\"column\">\n\t\t\t<div class=\"elementor-widget-wrap elementor-element-populated\">\n\t\t\t\t\t\t<div class=\"elementor-element elementor-element-b0380ba elementor-widget elementor-widget-spacer\" data-id=\"b0380ba\" data-element_type=\"widget\" data-widget_type=\"spacer.default\">\n\t\t\t\t<div class=\"elementor-widget-container\">\n\t\t\t\t\t\t\t<div class=\"elementor-spacer\">\n\t\t\t<div class=\"elementor-spacer-inner\"><\/div>\n\t\t<\/div>\n\t\t\t\t\t\t<\/div>\n\t\t\t\t<\/div>\n\t\t\t\t\t<\/div>\n\t\t<\/div>\n\t\t\t\t\t<\/div>\n\t\t<\/section>\n\t\t\t\t<\/div>\n\t\t","protected":false},"excerpt":{"rendered":"<p>Wissensgebiete Der Mensch besteht in seiner Ganzheit aus K\u00f6rper, Seele und Geist. Unsere K\u00f6rperbildung erfolgt in \u00dcbereinstimmung mit unserer Seele und unserem Geist. Deshalb k\u00f6nnen vom K\u00f6rper R\u00fcckschl\u00fcsse auf den psychischen Zustand gezogen werden. \u00a0 Psycho-Physiognomik Handdeutung (Chirologie)<\/p>\n","protected":false},"author":1,"featured_media":0,"parent":0,"menu_order":0,"comment_status":"closed","ping_status":"closed","template":"elementor_header_footer","meta":{"_uag_custom_page_level_css":"","site-sidebar-layout":"no-sidebar","site-content-layout":"page-builder","ast-global-header-display":"","ast-main-header-display":"","ast-hfb-above-header-display":"","ast-hfb-below-header-display":"","ast-hfb-mobile-header-display":"","site-post-title":"disabled","ast-breadcrumbs-content":null,"ast-featured-img":"disabled","footer-sml-layout":"","theme-transparent-header-meta":"default","adv-header-id-meta":null,"stick-header-meta":null,"header-above-stick-meta":null,"header-main-stick-meta":null,"header-below-stick-meta":null,"footnotes":""},"yoast_head":"<!-- This site is optimized with the Yoast SEO plugin v21.2 - https:\/\/yoast.com\/wordpress\/plugins\/seo\/ -->\n<title>Wissensgebiete - Lebenswert<\/title>\n<meta name=\"robots\" content=\"index, follow, max-snippet:-1, max-image-preview:large, max-video-preview:-1\" \/>\n<link rel=\"canonical\" href=\"https:\/\/sp-lebenswert.com\/?page_id=342\" \/>\n<meta property=\"og:locale\" content=\"de_DE\" \/>\n<meta property=\"og:type\" content=\"article\" \/>\n<meta property=\"og:title\" content=\"Wissensgebiete - Lebenswert\" \/>\n<meta property=\"og:description\" content=\"Wissensgebiete Der Mensch besteht in seiner Ganzheit aus K\u00f6rper, Seele und Geist. Unsere K\u00f6rperbildung erfolgt in \u00dcbereinstimmung mit unserer Seele und unserem Geist. Deshalb k\u00f6nnen vom K\u00f6rper R\u00fcckschl\u00fcsse auf den psychischen Zustand gezogen werden. \u00a0 Psycho-Physiognomik Handdeutung (Chirologie)\" \/>\n<meta property=\"og:url\" content=\"https:\/\/sp-lebenswert.com\/?page_id=342\" \/>\n<meta property=\"og:site_name\" content=\"Lebenswert\" \/>\n<meta property=\"article:modified_time\" content=\"2023-03-13T12:38:14+00:00\" \/>\n<meta property=\"og:image\" content=\"https:\/\/sp-lebenswert.com\/wp-content\/uploads\/2020\/12\/Gesicht-Hedder-Veranstaltungen-300x169.jpg\" \/>\n<meta name=\"twitter:card\" content=\"summary_large_image\" \/>\n<meta name=\"twitter:label1\" content=\"Gesch\u00e4tzte Lesezeit\" \/>\n\t<meta name=\"twitter:data1\" content=\"1\u00a0Minute\" \/>\n<script type=\"application\/ld+json\" class=\"yoast-schema-graph\">{\"@context\":\"https:\/\/schema.org\",\"@graph\":[{\"@type\":\"WebPage\",\"@id\":\"https:\/\/sp-lebenswert.com\/?page_id=342\",\"url\":\"https:\/\/sp-lebenswert.com\/?page_id=342\",\"name\":\"Wissensgebiete - Lebenswert\",\"isPartOf\":{\"@id\":\"https:\/\/sp-lebenswert.com\/#website\"},\"datePublished\":\"2019-03-21T13:32:59+00:00\",\"dateModified\":\"2023-03-13T12:38:14+00:00\",\"breadcrumb\":{\"@id\":\"https:\/\/sp-lebenswert.com\/?page_id=342#breadcrumb\"},\"inLanguage\":\"de\",\"potentialAction\":[{\"@type\":\"ReadAction\",\"target\":[\"https:\/\/sp-lebenswert.com\/?page_id=342\"]}]},{\"@type\":\"BreadcrumbList\",\"@id\":\"https:\/\/sp-lebenswert.com\/?page_id=342#breadcrumb\",\"itemListElement\":[{\"@type\":\"ListItem\",\"position\":1,\"name\":\"Startseite\",\"item\":\"https:\/\/sp-lebenswert.com\/\"},{\"@type\":\"ListItem\",\"position\":2,\"name\":\"Wissensgebiete\"}]},{\"@type\":\"WebSite\",\"@id\":\"https:\/\/sp-lebenswert.com\/#website\",\"url\":\"https:\/\/sp-lebenswert.com\/\",\"name\":\"Lebenswert\",\"description\":\"Sylvia Pfanz\",\"publisher\":{\"@id\":\"https:\/\/sp-lebenswert.com\/#organization\"},\"potentialAction\":[{\"@type\":\"SearchAction\",\"target\":{\"@type\":\"EntryPoint\",\"urlTemplate\":\"https:\/\/sp-lebenswert.com\/?s={search_term_string}\"},\"query-input\":\"required name=search_term_string\"}],\"inLanguage\":\"de\"},{\"@type\":\"Organization\",\"@id\":\"https:\/\/sp-lebenswert.com\/#organization\",\"name\":\"Lebenswert Sylvia Pfanz\",\"url\":\"https:\/\/sp-lebenswert.com\/\",\"logo\":{\"@type\":\"ImageObject\",\"inLanguage\":\"de\",\"@id\":\"https:\/\/sp-lebenswert.com\/#\/schema\/logo\/image\/\",\"url\":\"https:\/\/sp-lebenswert.com\/wp-content\/uploads\/2019\/12\/cropped-LogoLebenswert.png\",\"contentUrl\":\"https:\/\/sp-lebenswert.com\/wp-content\/uploads\/2019\/12\/cropped-LogoLebenswert.png\",\"width\":736,\"height\":411,\"caption\":\"Lebenswert Sylvia Pfanz\"},\"image\":{\"@id\":\"https:\/\/sp-lebenswert.com\/#\/schema\/logo\/image\/\"}}]}<\/script>\n<!-- \/ Yoast SEO plugin. -->","yoast_head_json":{"title":"Wissensgebiete - Lebenswert","robots":{"index":"index","follow":"follow","max-snippet":"max-snippet:-1","max-image-preview":"max-image-preview:large","max-video-preview":"max-video-preview:-1"},"canonical":"https:\/\/sp-lebenswert.com\/?page_id=342","og_locale":"de_DE","og_type":"article","og_title":"Wissensgebiete - Lebenswert","og_description":"Wissensgebiete Der Mensch besteht in seiner Ganzheit aus K\u00f6rper, Seele und Geist. Unsere K\u00f6rperbildung erfolgt in \u00dcbereinstimmung mit unserer Seele und unserem Geist. Deshalb k\u00f6nnen vom K\u00f6rper R\u00fcckschl\u00fcsse auf den psychischen Zustand gezogen werden. \u00a0 Psycho-Physiognomik Handdeutung (Chirologie)","og_url":"https:\/\/sp-lebenswert.com\/?page_id=342","og_site_name":"Lebenswert","article_modified_time":"2023-03-13T12:38:14+00:00","og_image":[{"url":"https:\/\/sp-lebenswert.com\/wp-content\/uploads\/2020\/12\/Gesicht-Hedder-Veranstaltungen-300x169.jpg"}],"twitter_card":"summary_large_image","twitter_misc":{"Gesch\u00e4tzte Lesezeit":"1\u00a0Minute"},"schema":{"@context":"https:\/\/schema.org","@graph":[{"@type":"WebPage","@id":"https:\/\/sp-lebenswert.com\/?page_id=342","url":"https:\/\/sp-lebenswert.com\/?page_id=342","name":"Wissensgebiete - Lebenswert","isPartOf":{"@id":"https:\/\/sp-lebenswert.com\/#website"},"datePublished":"2019-03-21T13:32:59+00:00","dateModified":"2023-03-13T12:38:14+00:00","breadcrumb":{"@id":"https:\/\/sp-lebenswert.com\/?page_id=342#breadcrumb"},"inLanguage":"de","potentialAction":[{"@type":"ReadAction","target":["https:\/\/sp-lebenswert.com\/?page_id=342"]}]},{"@type":"BreadcrumbList","@id":"https:\/\/sp-lebenswert.com\/?page_id=342#breadcrumb","itemListElement":[{"@type":"ListItem","position":1,"name":"Startseite","item":"https:\/\/sp-lebenswert.com\/"},{"@type":"ListItem","position":2,"name":"Wissensgebiete"}]},{"@type":"WebSite","@id":"https:\/\/sp-lebenswert.com\/#website","url":"https:\/\/sp-lebenswert.com\/","name":"Lebenswert","description":"Sylvia Pfanz","publisher":{"@id":"https:\/\/sp-lebenswert.com\/#organization"},"potentialAction":[{"@type":"SearchAction","target":{"@type":"EntryPoint","urlTemplate":"https:\/\/sp-lebenswert.com\/?s={search_term_string}"},"query-input":"required name=search_term_string"}],"inLanguage":"de"},{"@type":"Organization","@id":"https:\/\/sp-lebenswert.com\/#organization","name":"Lebenswert Sylvia Pfanz","url":"https:\/\/sp-lebenswert.com\/","logo":{"@type":"ImageObject","inLanguage":"de","@id":"https:\/\/sp-lebenswert.com\/#\/schema\/logo\/image\/","url":"https:\/\/sp-lebenswert.com\/wp-content\/uploads\/2019\/12\/cropped-LogoLebenswert.png","contentUrl":"https:\/\/sp-lebenswert.com\/wp-content\/uploads\/2019\/12\/cropped-LogoLebenswert.png","width":736,"height":411,"caption":"Lebenswert Sylvia Pfanz"},"image":{"@id":"https:\/\/sp-lebenswert.com\/#\/schema\/logo\/image\/"}}]}},"uagb_featured_image_src":{"full":false,"thumbnail":false,"medium":false,"medium_large":false,"large":false,"1536x1536":false,"2048x2048":false,"woocommerce_thumbnail":false,"woocommerce_single":false,"woocommerce_gallery_thumbnail":false},"uagb_author_info":{"display_name":"sylviapfanz","author_link":"https:\/\/sp-lebenswert.com\/?author=1"},"uagb_comment_info":0,"uagb_excerpt":"Wissensgebiete Der Mensch besteht in seiner Ganzheit aus K\u00f6rper, Seele und Geist. Unsere K\u00f6rperbildung erfolgt in \u00dcbereinstimmung mit unserer Seele und unserem Geist. Deshalb k\u00f6nnen vom K\u00f6rper R\u00fcckschl\u00fcsse auf den psychischen Zustand gezogen werden. \u00a0 Psycho-Physiognomik Handdeutung (Chirologie)","_links":{"self":[{"href":"https:\/\/sp-lebenswert.com\/index.php?rest_route=\/wp\/v2\/pages\/342"}],"collection":[{"href":"https:\/\/sp-lebenswert.com\/index.php?rest_route=\/wp\/v2\/pages"}],"about":[{"href":"https:\/\/sp-lebenswert.com\/index.php?rest_route=\/wp\/v2\/types\/page"}],"author":[{"embeddable":true,"href":"https:\/\/sp-lebenswert.com\/index.php?rest_route=\/wp\/v2\/users\/1"}],"replies":[{"embeddable":true,"href":"https:\/\/sp-lebenswert.com\/index.php?rest_route=%2Fwp%2Fv2%2Fcomments&post=342"}],"version-history":[{"count":28,"href":"https:\/\/sp-lebenswert.com\/index.php?rest_route=\/wp\/v2\/pages\/342\/revisions"}],"predecessor-version":[{"id":1778,"href":"https:\/\/sp-lebenswert.com\/index.php?rest_route=\/wp\/v2\/pages\/342\/revisions\/1778"}],"wp:attachment":[{"href":"https:\/\/sp-lebenswert.com\/index.php?rest_route=%2Fwp%2Fv2%2Fmedia&parent=342"}],"curies":[{"name":"wp","href":"https:\/\/api.w.org\/{rel}","templated":true}]}}