{"id":1326,"date":"2020-03-15T15:35:38","date_gmt":"2020-03-15T15:35:38","guid":{"rendered":"http:\/\/sp-lebenswert.com\/?page_id=1326"},"modified":"2020-03-15T15:40:07","modified_gmt":"2020-03-15T15:40:07","slug":"impressum","status":"publish","type":"page","link":"https:\/\/sp-lebenswert.com\/?page_id=1326","title":{"rendered":"Impressum"},"content":{"rendered":"\t\t<div data-elementor-type=\"wp-page\" data-elementor-id=\"1326\" class=\"elementor elementor-1326\">\n\t\t\t\t\t\t<section class=\"elementor-section elementor-top-section elementor-element elementor-element-9de7a4c elementor-section-boxed elementor-section-height-default elementor-section-height-default\" data-id=\"9de7a4c\" data-element_type=\"section\">\n\t\t\t\t\t\t<div class=\"elementor-container elementor-column-gap-default\">\n\t\t\t\t\t<div class=\"elementor-column elementor-col-100 elementor-top-column elementor-element elementor-element-0e2d871\" data-id=\"0e2d871\" data-element_type=\"column\">\n\t\t\t<div class=\"elementor-widget-wrap elementor-element-populated\">\n\t\t\t\t\t\t<div class=\"elementor-element elementor-element-d1a6b48 elementor-widget elementor-widget-heading\" data-id=\"d1a6b48\" data-element_type=\"widget\" data-widget_type=\"heading.default\">\n\t\t\t\t<div class=\"elementor-widget-container\">\n\t\t\t\t\t<h2 class=\"elementor-heading-title elementor-size-default\">Impressum<\/h2>\t\t\t\t<\/div>\n\t\t\t\t<\/div>\n\t\t\t\t\t<\/div>\n\t\t<\/div>\n\t\t\t\t\t<\/div>\n\t\t<\/section>\n\t\t\t\t<section class=\"elementor-section elementor-top-section elementor-element elementor-element-c5e802a elementor-section-boxed elementor-section-height-default elementor-section-height-default\" data-id=\"c5e802a\" data-element_type=\"section\">\n\t\t\t\t\t\t<div class=\"elementor-container elementor-column-gap-default\">\n\t\t\t\t\t<div class=\"elementor-column elementor-col-100 elementor-top-column elementor-element elementor-element-3cac2da\" data-id=\"3cac2da\" data-element_type=\"column\">\n\t\t\t<div class=\"elementor-widget-wrap elementor-element-populated\">\n\t\t\t\t\t\t<div class=\"elementor-element elementor-element-03c93df elementor-widget elementor-widget-text-editor\" data-id=\"03c93df\" data-element_type=\"widget\" data-widget_type=\"text-editor.default\">\n\t\t\t\t<div class=\"elementor-widget-container\">\n\t\t\t\t\t\t\t\t\t<p>Angaben gem\u00e4\u00df \u00a7 5 TMG<\/p><p>Heilpraktikerin (Psychologie) Sylvia Pfanz<\/p><p>Lebens- und Sterbeamme<\/p><p>ebenfalls Verantwortliche f\u00fcr den Inhalt der Homepage nach \u00a7 55 Abs. 2 RStV<\/p><p>Habsburgstr. 17<\/p><p>86199 Augsburg<\/p><p>Email: info@sp-lebenswert.com<\/p><p>Mobil +49 162 49 72 630<\/p><p>Gesetzliche Berufsbezeichnung: Heilpraktikerin (Psychologie), verliehen in der Bundesrepublik Deutschland<\/p><p>Berufsrechtliche Regelungen:<\/p><p>Berufsordnung f\u00fcr Heilpraktiker (BOH) einsehbar unter:\u00a0<a href=\"http:\/\/www.heilpraktiker.org\/die-berufsordnung-fuer-heilpraktiker\"><strong>www.heilpraktiker.org<\/strong><\/a><\/p><p>Gesetz \u00fcber die berufsm\u00e4\u00dfige Aus\u00fcbung der Heilkunde ohne \u00e4rztliche Bestallung (Heilpraktikergesetz) und Durchf\u00fchrungsverordnung:<\/p><p>Nachzulesen im Internet unter<\/p><p>http:\/\/www.gesetze-im-internet.de\/heilprg\/index.html und<\/p><p>http:\/\/www.gesetze-im-internet.de\/heilprgdv_1\/index.html<\/p><p>Finanzamt Augsburg Stadt<\/p><p>Steuernummer: 103\/258\/00602<\/p><p>USt.-IdNr.: Heilkundliche T\u00e4tigkeit befreit von der Umsatzsteuer gem\u00e4\u00df \u00a7 4 Nr.14 UStG<\/p><p>Inhaltlich Verantwortliche gem\u00e4\u00df <strong>103\/258\/00602<\/strong>:<\/p><p>Sylvia Pfanz &#8211; Heilpraktikerin (Psychologie), Anschrift wie oben<\/p><p><strong>Haftung f\u00fcr Inhalte\u00a0<\/strong><\/p><p>Die Inhalte unserer Seiten wurden mit gr\u00f6\u00dfter Sorgfalt erstellt. F\u00fcr die Richtigkeit, Vollst\u00e4ndigkeit und Aktualit\u00e4t der Inhalte k\u00f6nnen wir jedoch keine Gew\u00e4hr \u00fcbernehmen. Als Dienstanbieter sind wir gem\u00e4\u00df \u00a7 7 Abs.1 TMG f\u00fcr eigene Inhalte auf diesen Seiten nach den allgemeinen Gesetzen verantwortlich. Nach \u00a7\u00a7 8 bis 10 TMG sind wir als Dienstanbieter jedoch nicht verpflichtet, \u00fcbermittelte oder gespeicherte fremde Informationen zu \u00fcberwachen oder nach Umst\u00e4nden zu forschen, die auf eine rechtswidrige T\u00e4tigkeit hinweisen. Verpflichtungen zur Entfernung oder Sperrung der Nutzung von Informationen nach den allgemeinen Gesetzen bleiben hiervon unber\u00fchrt. Eine diesbez\u00fcgliche Haftung ist jedoch erst ab dem Zeitpunkt der Kenntnis einer konkreten Rechtsverletzung m\u00f6glich. Bei Bekanntwerden von entsprechenden Rechtsverletzungen werden wir diese Inhalte umgehend entfernen.<\/p><p><strong>Haftung f\u00fcr Links\u00a0<\/strong><\/p><p>Unser Angebot enth\u00e4lt Links zu externen Webseiten Dritter, auf deren Inhalte wir keinen Einfluss haben. Deshalb k\u00f6nnen wir f\u00fcr diese fremden Inhalte auch keine Gew\u00e4hr \u00fcbernehmen. F\u00fcr die Inhalte der verlinkten Seiten ist stets der jeweilige Anbieter oder Betreiber der Seiten verantwortlich. Die verlinkten Seiten wurden zum Zeitpunkt der Verlinkung auf m\u00f6gliche Rechtsverst\u00f6\u00dfe \u00fcberpr\u00fcft. Rechtswidrige Inhalte waren zum Zeitpunkt der Verlinkung nicht erkennbar. Eine permanente inhaltliche Kontrolle der verlinkten Seiten ist jedoch ohne konkrete Anhaltspunkte einer Rechtsverletzung nicht zumutbar. Bei Bekanntwerden von Rechtsverletzungen werden wir derartige Links umgehend entfernen.<\/p><p><strong>Urheberrecht\u00a0<\/strong><\/p><p>Die durch die Seitenbetreiber erstellten Inhalte und Werke auf diesen Seiten unterliegen dem deutschen Urheberrecht. Die Vervielf\u00e4ltigung, Bearbeitung, Verbreitung und jede Art der Verwertung au\u00dferhalb der Grenzen des Urheberrechtes bed\u00fcrfen der schriftlichen Zustimmung des jeweiligen Autors bzw. Erstellers. Downloads und Kopien dieser Seite sind nur f\u00fcr den privaten, nicht kommerziellen Gebrauch gestattet. Soweit die Inhalte auf dieser Seite nicht vom Betreiber erstellt wurden, werden die Urheberrechte Dritter beachtet. Insbesondere werden Inhalte Dritter als solche gekennzeichnet. Sollten Sie trotzdem auf eine Urheberrechtsverletzung aufmerksam werden, bitten wir um einen entsprechenden Hinweis. Bei Bekanntwerden von Rechtsverletzungen werden wir derartige Inhalte umgehend entfernen.<\/p>\t\t\t\t\t\t\t\t<\/div>\n\t\t\t\t<\/div>\n\t\t\t\t\t<\/div>\n\t\t<\/div>\n\t\t\t\t\t<\/div>\n\t\t<\/section>\n\t\t\t\t<\/div>\n\t\t","protected":false},"excerpt":{"rendered":"<p>Impressum Angaben gem\u00e4\u00df \u00a7 5 TMG Heilpraktikerin (Psychologie) Sylvia Pfanz Lebens- und Sterbeamme ebenfalls Verantwortliche f\u00fcr den Inhalt der Homepage nach \u00a7 55 Abs. 2 RStV Habsburgstr. 17 86199 Augsburg Email: info@sp-lebenswert.com Mobil +49 162 49 72 630 Gesetzliche Berufsbezeichnung: Heilpraktikerin (Psychologie), verliehen in der Bundesrepublik Deutschland Berufsrechtliche Regelungen: Berufsordnung f\u00fcr Heilpraktiker (BOH) einsehbar unter:\u00a0www.heilpraktiker.org &hellip;<\/p>\n<p class=\"read-more\"> <a class=\"\" href=\"https:\/\/sp-lebenswert.com\/?page_id=1326\"> <span class=\"screen-reader-text\">Impressum<\/span> Weiterlesen &raquo;<\/a><\/p>\n","protected":false},"author":1,"featured_media":0,"parent":0,"menu_order":0,"comment_status":"closed","ping_status":"closed","template":"","meta":{"_uag_custom_page_level_css":"","site-sidebar-layout":"no-sidebar","site-content-layout":"page-builder","ast-global-header-display":"","ast-main-header-display":"","ast-hfb-above-header-display":"","ast-hfb-below-header-display":"","ast-hfb-mobile-header-display":"","site-post-title":"disabled","ast-breadcrumbs-content":"","ast-featured-img":"disabled","footer-sml-layout":"","theme-transparent-header-meta":"default","adv-header-id-meta":"","stick-header-meta":"","header-above-stick-meta":"","header-main-stick-meta":"","header-below-stick-meta":"","footnotes":""},"yoast_head":"<!-- This site is optimized with the Yoast SEO plugin v21.2 - https:\/\/yoast.com\/wordpress\/plugins\/seo\/ -->\n<title>Impressum - Lebenswert<\/title>\n<meta name=\"robots\" content=\"index, follow, max-snippet:-1, max-image-preview:large, max-video-preview:-1\" \/>\n<link rel=\"canonical\" href=\"https:\/\/sp-lebenswert.com\/?page_id=1326\" \/>\n<meta property=\"og:locale\" content=\"de_DE\" \/>\n<meta property=\"og:type\" content=\"article\" \/>\n<meta property=\"og:title\" content=\"Impressum - Lebenswert\" \/>\n<meta property=\"og:description\" content=\"Impressum Angaben gem\u00e4\u00df \u00a7 5 TMG Heilpraktikerin (Psychologie) Sylvia Pfanz Lebens- und Sterbeamme ebenfalls Verantwortliche f\u00fcr den Inhalt der Homepage nach \u00a7 55 Abs. 2 RStV Habsburgstr. 17 86199 Augsburg Email: info@sp-lebenswert.com Mobil +49 162 49 72 630 Gesetzliche Berufsbezeichnung: Heilpraktikerin (Psychologie), verliehen in der Bundesrepublik Deutschland Berufsrechtliche Regelungen: Berufsordnung f\u00fcr Heilpraktiker (BOH) einsehbar unter:\u00a0www.heilpraktiker.org &hellip; Impressum Weiterlesen &raquo;\" \/>\n<meta property=\"og:url\" content=\"https:\/\/sp-lebenswert.com\/?page_id=1326\" \/>\n<meta property=\"og:site_name\" content=\"Lebenswert\" \/>\n<meta property=\"article:modified_time\" content=\"2020-03-15T15:40:07+00:00\" \/>\n<meta name=\"twitter:card\" content=\"summary_large_image\" \/>\n<meta name=\"twitter:label1\" content=\"Gesch\u00e4tzte Lesezeit\" \/>\n\t<meta name=\"twitter:data1\" content=\"2\u00a0Minuten\" \/>\n<script type=\"application\/ld+json\" class=\"yoast-schema-graph\">{\"@context\":\"https:\/\/schema.org\",\"@graph\":[{\"@type\":\"WebPage\",\"@id\":\"https:\/\/sp-lebenswert.com\/?page_id=1326\",\"url\":\"https:\/\/sp-lebenswert.com\/?page_id=1326\",\"name\":\"Impressum - Lebenswert\",\"isPartOf\":{\"@id\":\"https:\/\/sp-lebenswert.com\/#website\"},\"datePublished\":\"2020-03-15T15:35:38+00:00\",\"dateModified\":\"2020-03-15T15:40:07+00:00\",\"breadcrumb\":{\"@id\":\"https:\/\/sp-lebenswert.com\/?page_id=1326#breadcrumb\"},\"inLanguage\":\"de\",\"potentialAction\":[{\"@type\":\"ReadAction\",\"target\":[\"https:\/\/sp-lebenswert.com\/?page_id=1326\"]}]},{\"@type\":\"BreadcrumbList\",\"@id\":\"https:\/\/sp-lebenswert.com\/?page_id=1326#breadcrumb\",\"itemListElement\":[{\"@type\":\"ListItem\",\"position\":1,\"name\":\"Startseite\",\"item\":\"https:\/\/sp-lebenswert.com\/\"},{\"@type\":\"ListItem\",\"position\":2,\"name\":\"Impressum\"}]},{\"@type\":\"WebSite\",\"@id\":\"https:\/\/sp-lebenswert.com\/#website\",\"url\":\"https:\/\/sp-lebenswert.com\/\",\"name\":\"Lebenswert\",\"description\":\"Sylvia Pfanz\",\"publisher\":{\"@id\":\"https:\/\/sp-lebenswert.com\/#organization\"},\"potentialAction\":[{\"@type\":\"SearchAction\",\"target\":{\"@type\":\"EntryPoint\",\"urlTemplate\":\"https:\/\/sp-lebenswert.com\/?s={search_term_string}\"},\"query-input\":\"required name=search_term_string\"}],\"inLanguage\":\"de\"},{\"@type\":\"Organization\",\"@id\":\"https:\/\/sp-lebenswert.com\/#organization\",\"name\":\"Lebenswert Sylvia Pfanz\",\"url\":\"https:\/\/sp-lebenswert.com\/\",\"logo\":{\"@type\":\"ImageObject\",\"inLanguage\":\"de\",\"@id\":\"https:\/\/sp-lebenswert.com\/#\/schema\/logo\/image\/\",\"url\":\"https:\/\/sp-lebenswert.com\/wp-content\/uploads\/2019\/12\/cropped-LogoLebenswert.png\",\"contentUrl\":\"https:\/\/sp-lebenswert.com\/wp-content\/uploads\/2019\/12\/cropped-LogoLebenswert.png\",\"width\":736,\"height\":411,\"caption\":\"Lebenswert Sylvia Pfanz\"},\"image\":{\"@id\":\"https:\/\/sp-lebenswert.com\/#\/schema\/logo\/image\/\"}}]}<\/script>\n<!-- \/ Yoast SEO plugin. -->","yoast_head_json":{"title":"Impressum - Lebenswert","robots":{"index":"index","follow":"follow","max-snippet":"max-snippet:-1","max-image-preview":"max-image-preview:large","max-video-preview":"max-video-preview:-1"},"canonical":"https:\/\/sp-lebenswert.com\/?page_id=1326","og_locale":"de_DE","og_type":"article","og_title":"Impressum - Lebenswert","og_description":"Impressum Angaben gem\u00e4\u00df \u00a7 5 TMG Heilpraktikerin (Psychologie) Sylvia Pfanz Lebens- und Sterbeamme ebenfalls Verantwortliche f\u00fcr den Inhalt der Homepage nach \u00a7 55 Abs. 2 RStV Habsburgstr. 17 86199 Augsburg Email: info@sp-lebenswert.com Mobil +49 162 49 72 630 Gesetzliche Berufsbezeichnung: Heilpraktikerin (Psychologie), verliehen in der Bundesrepublik Deutschland Berufsrechtliche Regelungen: Berufsordnung f\u00fcr Heilpraktiker (BOH) einsehbar unter:\u00a0www.heilpraktiker.org &hellip; Impressum Weiterlesen &raquo;","og_url":"https:\/\/sp-lebenswert.com\/?page_id=1326","og_site_name":"Lebenswert","article_modified_time":"2020-03-15T15:40:07+00:00","twitter_card":"summary_large_image","twitter_misc":{"Gesch\u00e4tzte Lesezeit":"2\u00a0Minuten"},"schema":{"@context":"https:\/\/schema.org","@graph":[{"@type":"WebPage","@id":"https:\/\/sp-lebenswert.com\/?page_id=1326","url":"https:\/\/sp-lebenswert.com\/?page_id=1326","name":"Impressum - Lebenswert","isPartOf":{"@id":"https:\/\/sp-lebenswert.com\/#website"},"datePublished":"2020-03-15T15:35:38+00:00","dateModified":"2020-03-15T15:40:07+00:00","breadcrumb":{"@id":"https:\/\/sp-lebenswert.com\/?page_id=1326#breadcrumb"},"inLanguage":"de","potentialAction":[{"@type":"ReadAction","target":["https:\/\/sp-lebenswert.com\/?page_id=1326"]}]},{"@type":"BreadcrumbList","@id":"https:\/\/sp-lebenswert.com\/?page_id=1326#breadcrumb","itemListElement":[{"@type":"ListItem","position":1,"name":"Startseite","item":"https:\/\/sp-lebenswert.com\/"},{"@type":"ListItem","position":2,"name":"Impressum"}]},{"@type":"WebSite","@id":"https:\/\/sp-lebenswert.com\/#website","url":"https:\/\/sp-lebenswert.com\/","name":"Lebenswert","description":"Sylvia Pfanz","publisher":{"@id":"https:\/\/sp-lebenswert.com\/#organization"},"potentialAction":[{"@type":"SearchAction","target":{"@type":"EntryPoint","urlTemplate":"https:\/\/sp-lebenswert.com\/?s={search_term_string}"},"query-input":"required name=search_term_string"}],"inLanguage":"de"},{"@type":"Organization","@id":"https:\/\/sp-lebenswert.com\/#organization","name":"Lebenswert Sylvia Pfanz","url":"https:\/\/sp-lebenswert.com\/","logo":{"@type":"ImageObject","inLanguage":"de","@id":"https:\/\/sp-lebenswert.com\/#\/schema\/logo\/image\/","url":"https:\/\/sp-lebenswert.com\/wp-content\/uploads\/2019\/12\/cropped-LogoLebenswert.png","contentUrl":"https:\/\/sp-lebenswert.com\/wp-content\/uploads\/2019\/12\/cropped-LogoLebenswert.png","width":736,"height":411,"caption":"Lebenswert Sylvia Pfanz"},"image":{"@id":"https:\/\/sp-lebenswert.com\/#\/schema\/logo\/image\/"}}]}},"uagb_featured_image_src":{"full":false,"thumbnail":false,"medium":false,"medium_large":false,"large":false,"1536x1536":false,"2048x2048":false,"woocommerce_thumbnail":false,"woocommerce_single":false,"woocommerce_gallery_thumbnail":false},"uagb_author_info":{"display_name":"sylviapfanz","author_link":"https:\/\/sp-lebenswert.com\/?author=1"},"uagb_comment_info":0,"uagb_excerpt":"Impressum Angaben gem\u00e4\u00df \u00a7 5 TMG Heilpraktikerin (Psychologie) Sylvia Pfanz Lebens- und Sterbeamme ebenfalls Verantwortliche f\u00fcr den Inhalt der Homepage nach \u00a7 55 Abs. 2 RStV Habsburgstr. 17 86199 Augsburg Email: info@sp-lebenswert.com Mobil +49 162 49 72 630 Gesetzliche Berufsbezeichnung: Heilpraktikerin (Psychologie), verliehen in der Bundesrepublik Deutschland Berufsrechtliche Regelungen: Berufsordnung f\u00fcr Heilpraktiker (BOH) einsehbar unter:\u00a0www.heilpraktiker.org&hellip;","_links":{"self":[{"href":"https:\/\/sp-lebenswert.com\/index.php?rest_route=\/wp\/v2\/pages\/1326"}],"collection":[{"href":"https:\/\/sp-lebenswert.com\/index.php?rest_route=\/wp\/v2\/pages"}],"about":[{"href":"https:\/\/sp-lebenswert.com\/index.php?rest_route=\/wp\/v2\/types\/page"}],"author":[{"embeddable":true,"href":"https:\/\/sp-lebenswert.com\/index.php?rest_route=\/wp\/v2\/users\/1"}],"replies":[{"embeddable":true,"href":"https:\/\/sp-lebenswert.com\/index.php?rest_route=%2Fwp%2Fv2%2Fcomments&post=1326"}],"version-history":[{"count":3,"href":"https:\/\/sp-lebenswert.com\/index.php?rest_route=\/wp\/v2\/pages\/1326\/revisions"}],"predecessor-version":[{"id":1331,"href":"https:\/\/sp-lebenswert.com\/index.php?rest_route=\/wp\/v2\/pages\/1326\/revisions\/1331"}],"wp:attachment":[{"href":"https:\/\/sp-lebenswert.com\/index.php?rest_route=%2Fwp%2Fv2%2Fmedia&parent=1326"}],"curies":[{"name":"wp","href":"https:\/\/api.w.org\/{rel}","templated":true}]}}